 - 961*y**2. Determine v(-12).
41
Let f(p) be the third derivative of -5*p**4/24 + 56*p**3/3 - 10*p**2 - 2*p. Give f(16).
32
Let g(s) = s**2 - 7. Let u = -109 - -106. Let z be g(u). Let y(t) = 3 + 60*t**2 - 61*t**z - 4 - 5*t. Calculate y(-6).
-7
Suppose 3*t + 10 + 5 = 0. Let m be (-14)/21 - t*(-14)/(-6). Let j(l) = -l**3 + 10*l**2 + 11*l - 14. What is j(m)?
-14
Let j(y) = 3*y - 69. Suppose 29*d - 2*d - 540 = -3*d. Calculate j(d).
-15
Let n(o) = -2*o**2 - 2*o. Suppose 2*r = 5*p - 4, -5*p - 3 = -16*r + 15*r. Give n(r).
-84
Suppose 3*j = -4*v - 2, 14*v = 7*v + 2*j + 11. Let b(q) = -65*q + 62. Determine b(v).
-3
Let m(b) = 48*b**2 + 61*b - 130. Let c(z) = -17*z**2 - 21*z + 44. Let q(i) = 17*c(i) + 6*m(i). Give q(5).
-12
Let m(k) = -k**3 + 6*k**2 - 6*k - 6. Let v(u) = -u**3 + 22*u**2 - 21*u + 11. Let d be v(21). Suppose 0 = d*s - 32 - 23. Calculate m(s).
-11
Let h = -14490 - -14490. Let i(t) = -27 + t + 0*t - t**3 + 6. What is i(h)?
-21
Let c(y) = 12*y - y**2 - 15 + 3*y**2 - 3*y**2. Let v(p) = -5140*p + 41130. Let d be v(8). Give c(d).
5
Let d(w) = w**3 + w**2 + w + 1. Let p = 253 + -259. Let s(x) = -7*x**3 - 7*x**2 - 5*x - 4. Let m(c) = p*d(c) - s(c). Determine m(0).
-2
Let t = 10458 + -10505. Let p(j) = -2*j**2 - 95*j - 53. Give p(t).
-6
Let d be 2*(-3)/1*(-11 - -9). Let l(w) = d + 3*w - 8*w + 4*w + 2*w. Give l(-10).
2
Let y be (1 - -4)*1 + 2. Let u be -3 - 100/(-12) - y/21. Let c(r) = -r**3 + 6*r**2 - 4*r - 8. Determine c(u).
-3
Let f(m) = m**3 + 2*m**2 + 2*m. Let y(h) = 8*h**3 + 29*h**2 + 20*h + 3. Let t = -291 - -297. Let p(d) = t*f(d) - y(d). Determine p(-8).
-3
Suppose 95*x - 1224 = 296. Let l(h) = 6*h - 56. Give l(x).
40
Suppose 0 = -9*u - 5*y - 83, 0 = -3*u + y - 1 - 16. Let b(h) = h**3 + 9*h**2 + 5*h - 15. Give b(u).
48
Let t(m) = m**2 + 2*m - 43. Let h be t(-8). Let v(f) = -89*f + 88*f - 2*f**2 + 4*f**2 - h*f**3. Suppose 3 = -0*l + 3*l. Determine v(l).
-4
Suppose -4*z - 3*u + 2 = 0, -7 = 224*z - 223*z - 3*u. Let l(v) = -3*v**3 + 2*v + 2. Give l(z).
3
Let h be 160/(-56)*588/(-105). Let f(s) = -6*s**2 + 98*s - 31. What is f(h)?
1
Let m(c) = -c + 2. Let a be (-2)/(-9) + 210/27. Let t(u) = -2*u + 3. Let p(d) = a*m(d) - 5*t(d). Determine p(-3).
-5
Let d(h) = -362*h - 1100. Let t be d(-3). Let v(l) = -l**3 - 14*l**2 - l + 1. What is v(t)?
15
Let v be (-276)/24*(-2 - 0). Let f(u) = -5*u**3 + v*u - 51*u + 27*u. Suppose -5*k = 3*o - 11 + 4, 5*o = -5*k + 15. What is f(k)?
6
Let v(w) be the first derivative of -w**2/2 - w + 1. Let s(t) be the third derivative of 3*t**4/8 - 32*t**3 + 3*t**2 + 34. Let n be s(21). Give v(n).
2
Let r(a) = -a**3 - 3*a**2 + 9*a - 3. Let j be r(-5). Let q(y) = -10 + 7 - 7*y + 11*y**2 - 10*y**j + y. What is q(8)?
13
Let t(s) = -105*s - 8. Let l(k) = -326*k - 24. Let u(w) = -8*l(w) + 25*t(w). Calculate u(-1).
9
Let j(w) = w + 3. Let t(o) = 3*o + 81. Let m be t(-19). Suppose 0 = 22*x - 26*x + m. What is j(x)?
9
Let a(t) = -t**3 + 5*t**2 + 6*t + 3. Suppose 4*w = -8*w + 72. Let p be a(w). Let j(b) = b**3 - b**2 - 4*b. Give j(p).
6
Let t(h) = -4*h + 2. Let k(d) = -57*d - 312. Let g(r) = -k(r) + 3*t(r). Give g(-7).
3
Let x be (-2 - -3)/((-3)/21). Let c(g) = g - 5. Let y(t) = 2. Let v(u) = c(u) + 5*y(u). Calculate v(x).
-2
Let q(k) = 10*k - 22. Let l be (6 + -2)/(24 - (29 - 7)). Give q(l).
-2
Let b(q) be the second derivative of -q**3/3 + 3*q**2/2 + 6821*q. Give b(17).
-31
Let p(r) = -3*r**2 - 3*r + 4. Let t(b) = 5*b**2 + 7*b - 10. Let w(a) = 5*p(a) + 2*t(a). Let y be (22 - -2)/6 + 1 + -6. Determine w(y).
-4
Let l(x) be the second derivative of -1/12*x**4 + 0 - x**3 + 78*x + 9/2*x**2. Let c = -1 - 6. Give l(c).
2
Let w(s) be the second derivative of s**6/60 - s**5/120 + s**3/2 + 3*s**2/2 - 89*s. Let y(m) be the second derivative of w(m). Calculate y(1).
5
Let c = -3521 - -3523. Let v(y) = -23*y. Give v(c).
-46
Let j(k) = -2*k - 1. Let m(i) = -i**2 + 2*i + 4. Let w(y) = y**3 + 13*y**2 + 12*y + 3. Let g be w(-12). Let x be m(g). Suppose -14 = -5*b + x. Calculate j(b).
-7
Let x(b) be the third derivative of -b**6/120 - 7*b**5/60 - b**4/8 + b**3 - 87*b**2. Give x(-7).
27
Let s(x) = -x**3 - 21*x**2 + 23*x + 44. Suppose 1888*m + 110 = -5*f + 1889*m, -2*m + 44 = -2*f. What is s(f)?
22
Let o(d) = 5*d**3 - d**2 - 15*d. Let b(g) = -2*g**3 + g**2 + 7*g. Let n(s) = 7*b(s) + 3*o(s). Suppose -2*f - 46 + 45 = -5*p, 0 = -3*p - 3. Determine n(f).
-3
Let w(x) = -4*x**2 - 4*x - 1. Let s(h) = -12*h**2 - 15*h - 4. Let a(m) = -2*s(m) + 7*w(m). Let u = -14 - -17. Determine a(u).
-29
Let x(h) be the first derivative of 1/3*h**3 - 1/4*h**4 + 2*h + 2*h**2 - 70. Determine x(-3).
26
Suppose -68*y = 8*y. Let x(s) be the second derivative of -1/6*s**3 + 3*s**2 - 10*s + y. What is x(5)?
1
Let o(y) be the third derivative of y**5/30 - y**4/6 - 52*y**2 - y. Let p(v) = 3*v**2 - 5*v - 1. Let s(g) = -4*o(g) + 3*p(g). Calculate s(-4).
9
Let k(d) = 6 + 2*d + 1 + 2. Let j(w) = -w**3 + 89*w**2 - 1428*w - 4. Let y be j(21). Calculate k(y).
1
Suppose 24*t = 20*t - 28. Let x(i) = -2*i**3 + 9*i**2 + 6. Let d(c) = -5*c**3 + 26*c**2 - 2*c + 18. Let s(b) = -3*d(b) + 8*x(b). What is s(t)?
1
Let w = 154 + -49. Suppose -2*q + w = 3*q. Let u = -17 + q. Let k(i) = -i + 1. Give k(u).
-3
Let s(j) be the third derivative of -j**4/8 - 65*j**3/6 + 5339*j**2. Let k = -18 + -3. Let m be s(k). Let x(n) = -n**2 - 3*n - 3. Calculate x(m).
-1
Let q(u) = -u**3 - 22*u**2 - 2*u + 404. Let d be q(-21). Let p(m) = -m**3 + 7*m**2 - 8*m - 10. Give p(d).
0
Suppose -10 = 3*t + 2*t. Let r be 6/t + -6 + 12. Let m(q) = 0 + 5*q + 9*q**3 - 3 - 8*q**r - 4*q**2. Give m(3).
3
Suppose -9*c = -17*c + 48. Suppose 2*n + 0*v = 4*v + 26, 0 = 2*v + c. Let l(p) = p - 10. Calculate l(n).
-3
Let o(w) = w**2 - 13*w. Let a(b) = -5*b - 27. Let y be (1/2)/(-3*(-7)/(-336)). Let m be a(y). Let l be o(m). Let d(c) = -c - 5. Give d(l).
-5
Let c(q) = 5*q**2 + q + 6. Let l(i) = 11*i**2 + i + 13. Let n be 2/(-4)*(-24)/2. Let y(o) = n*l(o) - 13*c(o). Let r = -18 - -24. What is y(r)?
-6
Let j(x) be the second derivative of -x**4/12 + 7*x**3/3 - 3*x**2/2 + 9175*x. What is j(7)?
46
Let z(q) = 25182*q**2 - 2*q**3 + q**3 + 6*q - 10 - 25176*q**2. Let c = 17 - 10. Determine z(c).
-17
Suppose 0 = 5*b + 2*p + 23, -b + 4*p - 23 = 9*p. Let i(w) be the third derivative of w**4/4 + w**3/6 - w**2. What is i(b)?
-17
Let u(s) be the first derivative of 15*s**2 + 115*s + 2049. Determine u(-4).
-5
Suppose 1008*x - 973*x + 315 = 0. Let q(d) = d**2 + 14*d + 44. What is q(x)?
-1
Let l(z) = 6*z**2 - 142*z + 22. Let a(f) = -f**2 + 23*f - 2. Let q(b) = 5*a(b) + l(b). Determine q(21).
-114
Let g be 8 + (-1*40)/8. Let o(a) = -117 + 62 - a**3 + g*a**2 + 58. Calculate o(3).
3
Let q(u) = u**2 - 3043 + 1512 + 4*u + 1529. What is q(4)?
30
Let j be ((-2)/3)/(-2) - (-176)/12. Suppose -4*s = -3*h - 6, 4*h = 3*s + 7*h - j. Let i(z) = 88*z**2 - z**3 + s*z + 4 - 90*z**2 - 3 - 5. What is i(-4)?
16
Let p(z) = -z**2 + 12*z**2 + 66491 + 4*z**3 - 3*z**3 - 66464 + 27*z. Calculate p(-8).
3
Let d(s) = -3*s - 7. Let n be d(-5). Suppose n*c = -6*c - 70. Let l(j) = j**3 + 4*j**2 - 5*j + 6. What is l(c)?
6
Let r(n) = -18*n. Let a(x) = -14*x - 2. Let q(h) = -4*a(h) + 3*r(h). Give q(0).
8
Let h(j) = j + 44. Let q(u) = u**3 - 61*u**2 - 400*u - 144. Let f be q(67). Give h(f).
34
Suppose 0 = -56238*y + 56297*y - 236. Let b(r) = 4*r**3 - 15*r**2 - 4*r - 5. What is b(y)?
-5
Let p(j) = 5*j**3 + 20*j**2 + 32*j - 11. Let m(r) = -r**3 - 5*r**2 - 8*r + 3. Let w(l) = -9*m(l) - 2*p(l). Let z be 28*20/(-70) - -14. Calculate w(z).
7
Let q(k) be the first derivative of -k**5/20 - k**4 + 11*k**3/6 - 9*k**2 + 14*k + 49. Let o(d) be the first derivative of q(d). Give o(-13).
8
Let u(s) = -3*s + 1. Let k = 75 - 72. Let n be (-2 - k)*8/(-40). Calculate u(n).
-2
Let q(t) = 9*t**2 + 2*t - 10. Let s = -14 - -19. Let a(g) = -236*g - 3*g**2 + s - 2*g**2 + 235*g. Let b(x) = -11*a(x) - 6*q(x). Give b(0).
5
Let p(f) = -f**2 - 16*f - 17. Let m(v) = -68*v + 262. Let g be m(4). Calculate p(g).
43
Let v be -3 - 48/((-12)/3). Let x(o) = 9 - 21*o**2 + 55*o**2 + 4*o - 13*o**2 - 22*o**2 + 6*o. Give x(v).
18
Let g(y) = 2*y + 7. Let z be g(-5). Let k(d) = -1858*d**3 - d - 56*d**2 + 1859*d**3 + 32*d**2 + 27*d**2 - 4. Calculate k(z).
-1
Let j = -15358 - -15344. Let x(w) = -w**2 - 20*w - 88. Give x(j).
-4
Let v(s) 